27 and 1862.
49
Calculate the greatest common factor of 169950 and 90.
30
What is the greatest common divisor of 35708 and 7584?
316
Calculate the greatest common factor of 20 and 245615.
5
Calculate the greatest common factor of 5776 and 64.
16
What is the greatest common divisor of 329 and 10213?
7
Calculate the highest common factor of 55 and 272445.
5
What is the greatest common divisor of 11111160 and 15?
15
Calculate the greatest common divisor of 204 and 85782.
102
Calculate the greatest common divisor of 5803 and 2.
1
Calculate the highest common divisor of 2389782 and 38.
38
Calculate the greatest common divisor of 312 and 286312.
104
What is the highest common divisor of 608 and 23028?
76
Calculate the highest common divisor of 68 and 4891172.
68
Calculate the greatest common divisor of 15 and 68970.
15
What is the greatest common factor of 2880 and 1404?
36
What is the greatest common factor of 266 and 8582?
14
Calculate the highest common divisor of 64869 and 21.
21
What is the highest common divisor of 124 and 4096?
4
What is the greatest common divisor of 6555 and 184?
23
What is the greatest common divisor of 42936 and 7608?
24
What is the greatest common divisor of 1024 and 20096?
128
What is the greatest common factor of 67636 and 518?
74
Calculate the greatest common factor of 4534590 and 60.
30
Calculate the highest common divisor of 300 and 39315.
15
Calculate the highest common factor of 4 and 26304.
4
What is the greatest common factor of 32 and 136432?
16
Calculate the highest common divisor of 856115 and 10.
5
What is the greatest common divisor of 75472 and 901?
53
What is the highest common factor of 59 and 2704?
1
Calculate the greatest common factor of 346 and 174038.
346
Calculate the greatest common divisor of 143110 and 55.
55
Calculate the greatest common divisor of 1 and 6247.
1
Calculate the highest common divisor of 5720 and 4360.
40
What is the greatest common divisor of 950210 and 10?
10
What is the highest common divisor of 502245 and 1440?
45
What is the greatest common factor of 82280 and 330?
110
What is the greatest common factor of 26696 and 376?
376
Calculate the highest common factor of 288928 and 272.
16
Calculate the greatest common divisor of 47424 and 650.
26
What is the highest common factor of 8 and 243988?
4
What is the highest common factor of 18 and 414135?
9
Calculate the highest common factor of 3924 and 2160.
36
Calculate the highest common divisor of 1530 and 1390.
10
Calculate the highest common factor of 1254830 and 10.
10
What is the highest common factor of 93167 and 10721?
151
What is the highest common divisor of 585 and 2583?
9
What is the greatest common divisor of 2625 and 448350?
525
Calculate the highest common factor of 109134 and 6768.
846
What is the highest common divisor of 1727 and 23707?
157
Calculate the greatest common factor of 84 and 34824.
12
Calculate the greatest common factor of 1328 and 97940.
332
Calculate the highest common divisor of 2392 and 208840.
184
What is the greatest common factor of 24244 and 120384?
836
What is the greatest common divisor of 7399 and 635257?
1057
What is the highest common factor of 841 and 510371?
29
What is the greatest common divisor of 30 and 34408470?
30
What is the greatest common divisor of 48791 and 1746?
97
Calculate the highest common divisor of 4382991 and 486.
243
Calculate the highest common divisor of 7682 and 920.
46
Calculate the highest common factor of 857139 and 705.
141
What is the greatest common factor of 748 and 10132?
68
What is the highest common factor of 272 and 319090?
34
What is the highest common divisor of 1072 and 43751?
67
What is the highest common factor of 14136 and 5928?
456
Calculate the greatest common factor of 1188 and 572.
44
Calculate the highest common factor of 127431 and 9.
9
What is the highest common factor of 59487 and 1004?
251
What is the highest common factor of 7704 and 32?
8
Calculate the highest common factor of 83118 and 42.
42
What is the greatest common divisor of 23468 and 4?
4
Calculate the highest common divisor of 254510 and 310.
310
Calculate the greatest common divisor of 188068 and 8.
4
Calculate the greatest common factor of 99261 and 4059.
369
What is the greatest common factor of 94824 and 3073?
439
Calculate the highest common divisor of 438 and 7369569.
219
Calculate the greatest common divisor of 3500 and 24150.
350
What is the highest common factor of 666882 and 54?
18
Calculate the highest common divisor of 246 and 141860.
82
Calculate the greatest common factor of 25324 and 260.
52
Calculate the highest common divisor of 2871 and 10614.
87
Calculate the greatest common factor of 177 and 18585.
177
What is the highest common factor of 696063 and 201?
201
What is the greatest common factor of 1590 and 66515?
265
What is the greatest common divisor of 17104 and 976?
16
Calculate the highest common divisor of 2829 and 205041.
123
Calculate the highest common divisor of 3479 and 84819.
49
Calculate the greatest common factor of 806 and 5538.
26
What is the highest common divisor of 196125 and 50?
25
What is the highest common factor of 143 and 9373?
13
Calculate the highest common divisor of 10 and 222815.
5
What is the greatest common divisor of 723 and 241?
241
What is the highest common factor of 1014 and 150111?
39
What is the greatest common factor of 5409 and 900?
9
What is the greatest common factor of 34070 and 90?
10
What is the greatest common factor of 30651 and 9015?
1803
What is the highest common divisor of 1269750 and 3750?
750
What is the greatest common factor of 135051 and 3488?
109
Calculate the greatest common divisor of 42 and 20082.
6
What is the greatest common factor of 53 and 135?
1
Calculate the greatest common divisor of 9713 and 7051.
11
Calculate the greatest common divisor of 66 and 4862.
22
What is the highest common divisor of 6048 and 487536?
336
What is the greatest common divisor of 94195 and 5?
5
Calculate the greatest common factor of 24 and 1812.
12
What is the highest common divisor of 4010 and 80?
10
What is the highest common factor of 7392 and 896?
224
Calculate the greatest common factor of 155465 and 4743.
527
What is the highest common factor of 246 and 135423?
123
What is the greatest common factor of 27 and 12357?
9
Calculate the highest common divisor of 156 and 17436.
12
Calculate the highest common factor of 4566 and 42.
6
What is the greatest common factor of 1300 and 1768?
52
What is the greatest common factor of 6984 and 342?
18
What is the highest common divisor of 4467 and 123?
3
Calculate the highest common divisor of 3050 and 35.
5
What is the highest common divisor of 113 and 3520289?
113
What is the greatest common factor of 282852 and 291?
291
Calculate the highest common divisor of 73099 and 13.
13
What is the highest common factor of 412 and 91258?
206
Calculate the highest common divisor of 327 and 46979.
109
Calculate the highest common factor of 1843 and 2619.
97
What is the greatest common divisor of 583492 and 1374?
458
Calculate the highest common factor of 30 and 83025.
15
Calculate the highest common divisor of 20 and 682460.
20
Calculate the greatest common factor of 11016 and 8676.
36
What is the greatest common divisor of 130910 and 494?
494
What is the highest common factor of 64 and 371024?
16
What is the highest common divisor of 500 and 140?
20
What is the greatest common factor of 560 and 4585?
35
Calculate the highest common factor of 25714 and 75348.
598
What is the greatest common divisor of 1755 and 1139970?
195
Calculate the highest common factor of 64177 and 29.
29
What is the greatest common divisor of 1457 and 558?
31
What is the highest common divisor of 1128 and 1595556?
564
Calculate the greatest common factor of 11798 and 15402.
34
Calculate the greatest common factor of 434 and 14849.
31
Calculate the highest common divisor of 19272 and 42778.
146
What is the greatest common divisor of 2 and 29387?
1
What is the greatest common divisor of 11650 and 1925?
25
Calculate the greatest common factor of 3625992 and 18.
18
What is the highest common divisor of 4336 and 34417?
271
Calculate the highest common factor of 18496 and 374.
34
Calculate the highest common factor of 10